- 1/4*s**4 + 2 - 3/2*s**2 - s. Let v(w) = -3*w**2 - 7*w + 1. Let j be v(-2). Determine c(j).
-1
Let d(h) = 10*h + 3. Suppose 3*p - 5*f = -3, 1 = p + f - 6. Let z be -1*2/4*p. Calculate d(z).
-17
Let r(b) be the second derivative of -4*b + 1/720*b**6 + 0 + 0*b**2 + 2/3*b**4 + 0*b**3 - 1/40*b**5. Let f(l) be the third derivative of r(l). Calculate f(-4).
-7
Let g(r) = -4*r**2 + 43*r - 110. Let z be g(7). Let v(b) = -3*b + b + b**3 + 0 + 4*b**2 + 6. Determine v(z).
-9
Let a(x) = x - 1. Let m = 20 + -19. Let b(c) = -8*c + 10. Let i(h) = m*b(h) + 10*a(h). Let w be ((-4)/(-10))/(2/10). What is i(w)?
4
Suppose -5*o + 30 = -0. Suppose -5*q = 3*r - 5, 0 = o*r - 2*r - 4*q + 36. Let y(l) = l**3 + 4*l**2 - 5*l - 2. Give y(r).
-2
Let k(j) = 5*j - 1. Let h(y) = y**2 + 10*y - 11. Let m be h(-11). Suppose -5*d + d = m. Suppose 0 = b - f + 1, d = -f - f + 6. Give k(b).
9
Suppose z = -2*z - 5*a + 4, -2*a = -z + 5. Suppose 0 = z*n - 0*n - 45. Suppose 0 - n = 3*i - 5*c, 5*c = -4*i + 15. Let w(v) = v + 4. Determine w(i).
4
Let p(b) = 2*b - 1. Let a = 46 + -71. Let f = a + 27. Give p(f).
3
Let i(h) = h**3 - 41*h**2 + 81*h - 95. Let l be i(39). Let s = -2 - -27. Let o = l - s. Let v(f) = -f**2 - 5*f. What is v(o)?
6
Let x(a) = -16620*a**2 + 0 + 2 + 16617*a**2. Let k = 2 - 4. What is x(k)?
-10
Let i(o) = -o**2 + 5*o + 8. Let x be -9*(-2)/3*4. Let m(r) = -21*r - 5*r**2 + 4*r + 2*r**3 - 14*r**2 - 3*r**3 + x. Let k be m(-18). Give i(k).
2
Let h(x) be the first derivative of -x**6/120 - x**5/30 - x**4/6 - x**3/6 + 6*x**2 - 2*x - 17. Let g(i) be the second derivative of h(i). Determine g(-3).
20
Let n(r) = -11*r + 9. Let d(u) = u. Let p(s) = 4*d(s) + n(s). Let t(v) = v - 1. Let m(b) = p(b) + 6*t(b). Calculate m(-3).
6
Let s be (12 - 24)*1/2. Let q(c) = c + 4. Give q(s).
-2
Let w be (40/(-18) - 4/(-18)) + 7. Suppose y = o - w + 8, 3*y + o = 9. Let z(h) = -h**3 + h**2 + 4*h - 2. Determine z(y).
-8
Let k(p) = 3*p**3 - 48*p**2 - 4*p**3 - 12*p + 25*p**2 + 13*p - 1 + 24*p**2. Suppose -4*s + 1 = -4*u + 17, -2*s = -3*u + 13. Give k(s).
0
Let q(p) = -2 + 36*p**2 + 40*p**2 - 75*p**2 + 5*p. Suppose 0 = 5*b + 6 + 14. Calculate q(b).
-6
Let y(g) = g**3 + 2*g**2 - 2. Let m(w) = -2*w**2 + 52*w - 2. Let u be m(26). What is y(u)?
-2
Let a(u) be the second derivative of u**3/6 + u**2/2 + 37*u - 3. Let s(v) = -v**3 + 12*v**2 - 11*v - 3. Let b be s(11). Determine a(b).
-2
Let x(n) be the first derivative of -n**3/3 - 5*n**2/2 - 3*n - 121. Let d = -10 - -6. Determine x(d).
1
Let v(n) = -12*n - 6. Suppose -4*j + 5*w - 124 = -135, 5*j = -4*w + 24. Give v(j).
-54
Let d(g) = -g**2 + 13*g - 49 + 8 + 14 + 26 + 17. Calculate d(14).
2
Let d(b) be the third derivative of -17*b**4/24 + b**3/6 + 388*b**2. What is d(3)?
-50
Let c(y) = 2*y**2 + 8*y**2 + 14 - y**3 - 18*y + 20*y. What is c(10)?
34
Let u(d) = -d**3 - 5*d**2 - 2*d - 4. Let x be (3*-2)/(3/2). Let a = 103 - 104. Let p = x + a. Give u(p).
6
Let a(p) = p**2 + 5*p - 4. Let r be ((-7)/14)/(1/(-10)). Suppose r*s - 5 = 5*f, 7*f - 3*f = 5*s. Determine a(f).
-4
Let d = 16 + -2. Let v = -12 + d. Let z(n) = n**3 + 2 + 2*n**2 + v + 0*n**2 - n**2. Calculate z(0).
4
Let b(r) = 1 + 9*r**2 + 5*r**2 - 21*r**2 + 2*r + 9*r**2. Suppose h = 4*o + 2*h - 12, -10 = 3*o - 4*h. Calculate b(o).
13
Let g(q) = q**3 - 7*q**2 + 14*q - 11. Suppose -5*m + k = -27, 3*m - 21*k + 23*k = 11. What is g(m)?
9
Let u(v) = -7*v + 5. Let c = -2054 - -2049. Give u(c).
40
Let g(v) = 3*v - 4*v - 5 + 0*v. Suppose 4*k = 5*n - 9*n, -5*k = -4*n. Let m be (-17)/(-4) + 7/(-28 - k). Determine g(m).
-9
Let o(c) = 13*c**3 - 5*c - 2. Let d(w) = -52*w + 0 - 1 + 7*w**3 + 50*w. Let z(k) = 7*d(k) - 3*o(k). Give z(1).
10
Let u = 461 + -454. Let h(w) = -3*w + 13. What is h(u)?
-8
Let c(s) = 2*s + 2. Let b(p) = -4*p - 5. Suppose -24 = 5*x - m, 5*x + 8 = -5*m + 2*m. Let v(r) = x*b(r) - 7*c(r). Give v(-4).
-2
Suppose -6*m + 10*m - 4 = 0. Let a(q) = -q + 1. Let z(r) = 4*r - 18. Let p(d) = m*z(d) + 6*a(d). What is p(-9)?
6
Let a(b) be the second derivative of 0*b**2 + 0 + 3*b - 7/6*b**3. Let j(g) = 6*g + 1. Let x(m) = -4*a(m) - 5*j(m). Give x(-4).
3
Let w(j) = -884 + 0*j**2 - j**2 - 2*j + 3*j**3 + 887. Give w(1).
3
Let s = 431 + -426. Let u(b) = b**2 + 3*b. Give u(s).
40
Let s(b) = -56*b + 14. Let y(k) = -19*k + 5. Let c be (-6)/33 + 294/(-77). Let o(w) = c*s(w) + 11*y(w). Calculate o(1).
14
Let d(i) = 2*i**3 + 2*i**2 + i - 1. Let f(h) = -5*h**3 - 5*h**2 - 3*h + 3. Let k(v) = -8*d(v) - 3*f(v). Let c = -241 - -239. What is k(c)?
1
Suppose 744*d + 104 = 736*d. Let v(f) = -f**2 - 16*f - 18. Calculate v(d).
21
Let o(h) = 4*h**2 + 39*h - 4. Let n(u) = -u**2 - 5*u + 1. Let r(q) = -6*n(q) - o(q). What is r(7)?
33
Let n(b) be the third derivative of -b**7/5040 + b**6/720 + b**5/30 - 2*b**2. Let l(j) be the third derivative of n(j). Let d = -229 - -230. Determine l(d).
0
Let t(c) = -3*c - 9 + 11*c + 0 + c**2 + 7. What is t(-9)?
7
Let r(n) be the third derivative of n**4/4 + n**3/3 - 143*n**2. Suppose 0*c + c = -5*m + 11, 11 = -3*m - 5*c. Calculate r(m).
20
Let g(f) be the third derivative of f**6/60 + f**5/10 + f**4/24 + f**3/2 - 10*f**2. Give g(-4).
-33
Let g(l) = l**3 - 4*l - 1. Let f(o) = o + 5. Let z be (2/(-5))/(7/35). Let m(w) = -w - 4. Let v be m(z). Let t be f(v). What is g(t)?
14
Let p(o) = -o**2 + 5*o + 4. Let b be p(4). Let r be 12/3*(-6 - -7). Suppose 2*k = r + b. Let z(f) = f**2 - 4*f - 6. Give z(k).
6
Let o = 39 - 43. Let r(h) = -h**3 - 3*h**2 + 2*h - 7. Give r(o).
1
Let g = -2 - -2. Let h = g + 2. Suppose 0 = 3*m - h*m + 3. Let x(s) = 3*s - 1. Calculate x(m).
-10
Suppose 0 = 11*y - 16*y. Let a(p) = -2*p + 9. Let i be a(y). Let c(x) = -2*x + 19. Let s be c(i). Let k(o) = 8*o**3 - o**2. Calculate k(s).
7
Let u(f) = 5*f**2 + f - 5. Let t(d) = -d**2 + 1. Let w(q) = -11*t(q) - 2*u(q). Suppose -4*p = 79 - 99. What is w(p)?
14
Let r(w) = w + 13. Let c(o) = o + 1. Let a be c(2). Let b(q) = q - 3. Let z be b(a). Suppose 4*l - 27 = t - z*t, -4*t + l = 33. Determine r(t).
6
Let s(z) = -z + 7. Let r be s(4). Let b(g) = 0*g**2 + 22*g**3 - 28*g**r - g**2. Give b(-1).
5
Let u(w) = -6*w - 29. Let f(q) = -5*q - 28. Let p(t) = 5*f(t) - 4*u(t). Give p(-22).
-2
Let i(a) = 3*a - 3. Suppose -42 = 7*y - 14. Let c(x) = 7*x - 7. Let m(f) = y*c(f) + 9*i(f). Calculate m(2).
-1
Let p be (-7)/(-1) - (-4)/(-2). Let w(j) = -242*j + 506*j - j**2 - 257*j. Calculate w(p).
10
Let g(s) be the second derivative of s**3/6 + 3*s**2 + 307*s. Give g(4).
10
Let p be 152/(-28) - 3/(-7). Let d(u) = -u**3 - 6*u**2 - 3*u + 7. Let z be d(p). Let c be -3 + (z - 0) + 2. Let h(w) = w**2 - 3. Determine h(c).
13
Suppose 3*r + 1 + 10 = 4*f, -2*r + 2*f - 10 = 0. Let c(z) = z**3 + 8*z**2 - 9*z + 3. What is c(r)?
3
Suppose -y - 4 = -7. Let h(b) be the first derivative of b**3/3 - b - 42. What is h(y)?
8
Let i(y) be the third derivative of -y**4/24 - 13*y**3/6 + 47*y**2. Let c be (-2)/(-3) - 52/6. Let s be i(c). Let w(h) = h**2 + 3*h - 1. Give w(s).
9
Let s(t) = t**3 - 6*t**2 - 23*t - 1. Let n(z) = -z**3 + 6*z**2 + 21*z. Let g(x) = -7*n(x) - 6*s(x). Determine g(7).
-8
Let x(w) = -359 + 6*w + 376 - 4*w. What is x(-7)?
3
Let f(k) = -1 - 23 + 10 + 122*k - 128*k - 24. Calculate f(-6).
-2
Let m(s) = s**3 + 10*s**2 + 11*s + 13. Let p be 2/(-8) - (-70)/(-8). Determine m(p).
-5
Suppose -33*z - 6 = -138. Let k(g) = g - 1. Let u(p) = -p + 1. Let v(q) = k(q) - 4*u(q). Give v(z).
15
Suppose 2*i + 3 - 11 = 0. Let k(f) be the third derivative of -f**4/12 + f**3 + 7*f**2. Determine k(i).
-2
Let u(m) = m**3 + 5*m**2 + 4*m. Let h = -112 + 92. Let r be (46/(-3))/(2/3). Let o = r - h. What is u(o)?
6
Let y(p) be the first derivative of p**3/3 + 9*p**2/2 + 4*p - 2. Suppose -41 = -10*v - 121. Determine y(v).
-4
Let l(q) = q**3 + 6*q**2 + 6. Suppose -5*d - 1462 + 1737 = 0. Let a be 31/3 + 1/(-3). Suppose -5*f - d = 5*y - a*y, 20 = -5*f - 2*y. Give l(f).
6
Let n(m) be the third derivative of -5*m**4/24 + m**3/3 - m**2 + 4. What is n(-6)?
32
Let k(a) = 2*a**2 - 13. Let u be k(-3). Let n(y) be the second derivative of -7*y + 0 - 1/3*y**3 + 1/20*y**u + 1/2*y**2 + 1/12*y**4. Determine n(-2).
1
Suppose 4*a = -4*h + 176, -h - 2*h + 4*a = -153. Let s(r) = -27*r - 22*r + h*r - 2*r**2. Give s(-2).
-4
Let x(t) = -t - 1. Suppose -5*o - 19 = -4. Let y(l) = -2*l - 4. Let z(w) = o*x(w) + y(